ivisor of 59712 and 1536.
192
Calculate the greatest common divisor of 97633 and 27425.
1097
What is the greatest common factor of 12288 and 3?
3
What is the highest common factor of 473 and 3627437?
473
What is the highest common factor of 1798 and 21638?
62
What is the highest common divisor of 230 and 16652?
46
What is the highest common divisor of 108 and 66636?
108
What is the highest common factor of 47964 and 492?
12
What is the highest common factor of 427385 and 665?
35
What is the highest common divisor of 3310 and 1570?
10
What is the greatest common divisor of 76715 and 2680?
335
Calculate the highest common factor of 639750 and 60.
30
What is the highest common divisor of 2 and 19403?
1
Calculate the highest common divisor of 11888 and 16.
16
Calculate the greatest common divisor of 38151 and 13973.
157
Calculate the greatest common divisor of 60 and 52980.
60
Calculate the highest common factor of 807126 and 9264.
1158
Calculate the greatest common factor of 308876 and 148.
148
Calculate the highest common divisor of 2096 and 3930.
262
Calculate the highest common factor of 452816 and 104.
104
What is the highest common factor of 11222 and 868?
62
Calculate the greatest common divisor of 1269 and 8131.
47
Calculate the highest common divisor of 5785 and 39910.
65
Calculate the greatest common divisor of 596 and 2682.
298
What is the highest common divisor of 50030 and 20?
10
Calculate the greatest common factor of 366129 and 357.
51
Calculate the greatest common factor of 1402187 and 43.
43
Calculate the highest common factor of 11242 and 38500.
154
What is the highest common factor of 126 and 87066?
126
Calculate the highest common factor of 62887 and 22.
11
Calculate the highest common divisor of 513 and 8759.
19
Calculate the highest common factor of 561 and 93687.
561
What is the greatest common factor of 518 and 60014?
74
Calculate the greatest common factor of 943 and 47449.
23
What is the highest common factor of 4 and 405268?
4
Calculate the greatest common divisor of 62135 and 578.
289
What is the greatest common factor of 140652 and 12?
12
What is the highest common divisor of 216 and 15240?
24
Calculate the greatest common divisor of 443325 and 575.
575
Calculate the highest common divisor of 384 and 2082.
6
Calculate the greatest common divisor of 10165 and 2782.
107
Calculate the greatest common divisor of 106 and 6466.
106
Calculate the highest common factor of 218409 and 282.
141
Calculate the highest common divisor of 1013100 and 2475.
825
What is the greatest common factor of 252 and 27363?
21
Calculate the greatest common factor of 146 and 1629506.
146
What is the highest common divisor of 160 and 10940?
20
Calculate the greatest common factor of 84516 and 78.
6
Calculate the highest common factor of 1092966 and 3339.
1113
Calculate the greatest common factor of 140922 and 90.
18
Calculate the highest common divisor of 320 and 41792.
64
What is the highest common divisor of 132462 and 396?
198
What is the highest common factor of 24987 and 12?
3
What is the highest common factor of 1896 and 22278?
474
Calculate the greatest common factor of 16 and 180736.
16
Calculate the greatest common divisor of 184 and 87883.
23
Calculate the highest common divisor of 40725 and 585.
45
What is the greatest common factor of 3419 and 137023?
263
Calculate the highest common factor of 14679050 and 173.
173
Calculate the greatest common factor of 2236 and 57044.
52
What is the greatest common factor of 572 and 44668?
52
Calculate the highest common factor of 211660 and 760.
380
Calculate the greatest common divisor of 288 and 73824.
96
Calculate the highest common factor of 1891 and 114253.
61
What is the highest common divisor of 7923 and 17653?
139
Calculate the greatest common divisor of 713 and 3013.
23
What is the greatest common factor of 328 and 67076?
164
Calculate the highest common divisor of 2520 and 186.
6
What is the greatest common divisor of 84900 and 300?
300
What is the greatest common factor of 5 and 274070?
5
What is the greatest common divisor of 17500 and 394800?
700
Calculate the greatest common divisor of 765 and 515.
5
What is the highest common divisor of 67 and 124?
1
What is the greatest common divisor of 124104 and 6?
6
What is the greatest common factor of 1484990 and 130?
130
Calculate the highest common factor of 16279 and 1784.
223
Calculate the greatest common factor of 32 and 47340.
4
What is the highest common divisor of 30844 and 60?
4
Calculate the highest common divisor of 722 and 2812.
38
What is the highest common divisor of 930 and 1230?
30
What is the highest common divisor of 1900 and 160?
20
Calculate the greatest common factor of 163 and 27.
1
Calculate the greatest common divisor of 2861 and 2.
1
What is the greatest common factor of 132 and 54?
6
What is the greatest common factor of 54 and 718866?
18
Calculate the greatest common divisor of 1912 and 7996.
4
What is the greatest common factor of 47406 and 6?
6
Calculate the greatest common divisor of 97162 and 4.
2
Calculate the highest common divisor of 96 and 9864.
24
What is the highest common factor of 1831098 and 366?
366
Calculate the highest common divisor of 183109 and 142.
71
Calculate the greatest common divisor of 57 and 44593.
19
What is the highest common factor of 839266 and 466?
466
Calculate the greatest common factor of 14 and 140203.
7
Calculate the greatest common factor of 1002230 and 122.
122
What is the highest common divisor of 1182 and 280331?
197
Calculate the highest common factor of 10 and 54440.
10
Calculate the highest common divisor of 405 and 90.
45
What is the greatest common divisor of 503 and 6900154?
503
What is the greatest common divisor of 179171 and 278?
139
What is the highest common factor of 71977 and 501?
167
Calculate the greatest common factor of 272 and 208216.
136
What is the highest common divisor of 1885 and 3965?
65
Calculate the greatest common divisor of 4513 and 2.
1
What is the greatest common divisor of 51437 and 3?
1
Calculate the highest common factor of 1860 and 615.
15
Calculate the greatest common divisor of 94405 and 6931.
239
What is the greatest common factor of 115 and 77211?
23
Calculate the greatest common factor of 2223209 and 323.
323
What is the greatest common factor of 429 and 44759?
143
What is the highest common divisor of 104236 and 759?
253
Calculate the greatest common divisor of 2046185 and 25.
5
Calculate the highest common divisor of 211290 and 430.
10
What is the highest common divisor of 32 and 37736?
8
What is the greatest common divisor of 17572 and 11546?
46
Calculate the greatest common divisor of 299 and 111113.
23
What is the greatest common factor of 109 and 2909101?
109
Calculate the highest common factor of 646 and 5624.
38
Calculate the highest common factor of 10660 and 80.
20
What is the highest common divisor of 852 and 1255138?
142
What is the greatest common factor of 681 and 101923?
227
Calculate the greatest common factor of 4556 and 26800.
268
What is the highest common divisor of 10 and 18698?
2
What is the highest common divisor of 5918 and 462?
22
What is the highest common factor of 3003 and 5369?
91
What is the greatest common divisor of 47 and 418535?
47
Calculate the greatest common divisor of 1539 and 1235.
19
What is the highest common factor of 7984 and 24451?
499
What is the greatest common factor of 39 and 1633307?
13
Calculate the greatest common divisor of 945 and 38115.
315
What is the greatest common factor of 224 and 2145024?
224
Calculate the highest common factor of 2564 and 88.
4
Calculate the highest common divisor of 27 and 283770.
27
What is the greatest common factor of 822 and 228?
6
What is the greatest common factor of 16343 and 531?
59
Calculate the greatest common factor of 80 and 20656.
16
Calculate the highest common divisor of 364427 and 316.
79
What is the highest common divisor of 240444 and 90?
18
Calculate the highest common factor of 2201157 and 42.
21
What is the greatest common factor of 1850 and 23050?
50
Calculate the highest common factor of 3770 and 105300.
130
Calculate the highest common factor of 19 and 154337.
19
Calculate the highest common factor of 4303 and 689.
13
Calculate the gr